of 37 and 5587?
37
Calculate the greatest common factor of 1387 and 19.
19
What is the highest common factor of 27 and 999?
27
Calculate the greatest common divisor of 368 and 416.
16
Calculate the highest common factor of 1040 and 100.
20
What is the highest common factor of 187 and 110?
11
Calculate the greatest common factor of 27 and 324.
27
Calculate the highest common divisor of 3726 and 72.
18
What is the highest common divisor of 2355 and 15?
15
What is the highest common divisor of 216 and 18036?
108
Calculate the greatest common divisor of 1212 and 108.
12
Calculate the highest common divisor of 40 and 100.
20
Calculate the highest common divisor of 169 and 91.
13
Calculate the highest common factor of 234 and 130.
26
What is the greatest common factor of 23 and 1909?
23
What is the highest common factor of 250 and 5050?
50
What is the greatest common factor of 435 and 4640?
145
Calculate the greatest common divisor of 91770 and 21.
21
Calculate the highest common divisor of 611 and 13.
13
Calculate the highest common divisor of 42 and 903.
21
What is the greatest common divisor of 3913 and 247?
13
Calculate the greatest common factor of 15 and 555.
15
Calculate the greatest common factor of 3479 and 735.
49
Calculate the greatest common divisor of 336 and 48.
48
Calculate the highest common divisor of 112 and 1456.
112
What is the greatest common factor of 65 and 5148?
13
Calculate the greatest common divisor of 16 and 15536.
16
Calculate the highest common divisor of 427 and 61.
61
What is the greatest common factor of 20 and 38?
2
Calculate the highest common divisor of 1333 and 43.
43
Calculate the greatest common factor of 13 and 1573.
13
What is the highest common factor of 55 and 39270?
55
What is the highest common divisor of 34 and 3298?
34
Calculate the highest common factor of 294 and 245.
49
Calculate the highest common divisor of 112 and 128.
16
What is the greatest common divisor of 12461 and 34?
17
Calculate the highest common factor of 440 and 80.
40
Calculate the greatest common factor of 20 and 1170.
10
What is the greatest common divisor of 13 and 18?
1
Calculate the greatest common factor of 44 and 352.
44
Calculate the highest common factor of 6 and 51.
3
What is the highest common divisor of 2565 and 1215?
135
Calculate the highest common factor of 22 and 142.
2
Calculate the highest common divisor of 9835 and 14.
7
What is the greatest common divisor of 42 and 30?
6
What is the highest common factor of 2030 and 116?
58
What is the highest common factor of 793 and 305?
61
What is the greatest common divisor of 15 and 335?
5
Calculate the highest common divisor of 215 and 688.
43
What is the greatest common divisor of 28 and 77?
7
What is the highest common divisor of 333 and 37?
37
Calculate the greatest common factor of 5 and 1125.
5
Calculate the highest common divisor of 11 and 352.
11
Calculate the greatest common factor of 82 and 82.
82
Calculate the greatest common factor of 730 and 10.
10
Calculate the highest common divisor of 4374 and 36.
18
What is the greatest common divisor of 3328 and 260?
52
Calculate the highest common divisor of 1672 and 440.
88
Calculate the highest common factor of 98 and 161.
7
Calculate the greatest common divisor of 13079 and 164.
41
What is the greatest common divisor of 76 and 1691?
19
What is the greatest common divisor of 70 and 270?
10
What is the highest common divisor of 10598 and 14?
14
Calculate the highest common divisor of 18 and 1962.
18
Calculate the greatest common factor of 47 and 3431.
47
Calculate the greatest common factor of 129 and 258.
129
Calculate the highest common factor of 2160 and 405.
135
Calculate the greatest common divisor of 175 and 9800.
175
What is the greatest common divisor of 816 and 748?
68
Calculate the greatest common factor of 41 and 1107.
41
What is the greatest common divisor of 30725 and 75?
25
Calculate the greatest common factor of 7 and 128.
1
Calculate the greatest common factor of 6 and 4.
2
What is the greatest common divisor of 4 and 404?
4
What is the greatest common divisor of 14 and 14?
14
What is the highest common divisor of 28 and 84?
28
What is the highest common factor of 37 and 2?
1
What is the greatest common divisor of 468 and 144?
36
What is the highest common factor of 245 and 105?
35
Calculate the greatest common divisor of 4116 and 12.
12
What is the greatest common divisor of 152 and 6916?
76
What is the highest common divisor of 23520 and 30?
30
Calculate the greatest common factor of 150 and 1275.
75
Calculate the highest common factor of 114 and 114.
114
What is the highest common divisor of 17176 and 152?
152
Calculate the greatest common divisor of 14 and 7.
7
Calculate the highest common factor of 2 and 138.
2
What is the highest common factor of 2189 and 528?
11
What is the highest common divisor of 1512 and 56?
56
Calculate the greatest common factor of 20937 and 21.
21
Calculate the highest common divisor of 760 and 600.
40
Calculate the highest common divisor of 24 and 2004.
12
What is the highest common factor of 18 and 117?
9
Calculate the highest common divisor of 720 and 88.
8
What is the greatest common factor of 45 and 2736?
9
What is the greatest common factor of 732 and 12?
12
What is the greatest common divisor of 320 and 8?
8
What is the greatest common factor of 13 and 27937?
13
What is the highest common divisor of 1632 and 102?
102
Calculate the highest common divisor of 12208 and 560.
112
What is the highest common factor of 91 and 49?
7
Calculate the highest common divisor of 12 and 204.
12
What is the greatest common divisor of 60 and 36?
12
What is the greatest common factor of 25126 and 34?
34
What is the greatest common factor of 153 and 117?
9
Calculate the highest common factor of 399 and 147.
21
What is the greatest common divisor of 112 and 5264?
112
What is the highest common factor of 30435 and 30?
15
Calculate the highest common factor of 8 and 36.
4
What is the highest common factor of 273 and 42?
21
What is the greatest common factor of 216 and 24?
24
What is the greatest common divisor of 7 and 217?
7
What is the highest common factor of 252 and 108?
36
What is the highest common divisor of 8 and 152?
8
What is the highest common factor of 754 and 52?
26
What is the highest common divisor of 124 and 1643?
31
What is the greatest common divisor of 6 and 402?
6
What is the highest common divisor of 50 and 41800?
50
Calculate the highest common factor of 25660 and 20.
20
What is the greatest common divisor of 4 and 916?
4
Calculate the highest common factor of 4767 and 42.
21
Calculate the greatest common factor of 96 and 1776.
48
What is the greatest common divisor of 189 and 135?
27
What is the greatest common factor of 48 and 400?
16
What is the greatest common divisor of 25 and 13025?
25
What is the greatest common factor of 528 and 29832?
264
Calculate the highest common factor of 1448 and 40.
8
Calculate the highest common divisor of 1065 and 30.
15
What is the greatest common divisor of 531 and 767?
59
Calculate the greatest common divisor of 27 and 513.
27
Calculate the greatest common divisor of 26 and 12376.
26
What is the greatest common factor of 198 and 90?
18
What is the greatest common factor of 96 and 96?
96
Calculate the greatest common factor of 130 and 455.
65
Calculate the highest common divisor of 68 and 170.
34
Calculate the greatest common divisor of 989 and 69.
23
Calculate the greatest common divisor of 108 and 16659.
27
What is the highest common divisor of 9 and 48?
3
What is the greatest common factor of 38 and 1919?
19
Calculate the highest common factor of 320 and 5.
5
What is the highest common divisor of 205 and 5?
5
What is the greatest common divisor of 390 and 78?
78
Calculate the highest common factor of 7 and 1603.
7
What is the highest common divisor of 8715 and 105?
105
Calculate the highest common factor of 78 and 87282.
78
Calculate the highest common divisor of 51 and 68.
17
Calculate the greatest common divisor of 580 and 1102.
58
Calculate the greatest common factor of 51 and 1173.
51
Calculate the highest common factor of 52 and 767.
13
Calculate the greatest common divisor of 14 and 11774.
14
Calculate the greatest common d